{"id":26,"date":"2023-12-14T11:11:16","date_gmt":"2023-12-14T11:11:16","guid":{"rendered":"https:\/\/naiaraalvaroabogada.es\/abogado-familia\/?page_id=26"},"modified":"2026-05-07T11:44:40","modified_gmt":"2026-05-07T09:44:40","slug":"politica-de-privacidad","status":"publish","type":"page","link":"https:\/\/naiaraalvaroabogada.es\/abogado-familia\/politica-de-privacidad\/","title":{"rendered":"Pol\u00edtica de privacidad"},"content":{"rendered":"\t\t<div data-elementor-type=\"wp-page\" data-elementor-id=\"26\" class=\"elementor elementor-26\" data-elementor-post-type=\"page\">\n\t\t\t\t<div class=\"elementor-element elementor-element-d7bc65a e-flex e-con-boxed e-con e-parent\" data-id=\"d7bc65a\" data-element_type=\"container\" data-e-type=\"container\">\n\t\t\t\t\t<div class=\"e-con-inner\">\n\t\t\t\t<div class=\"elementor-element elementor-element-a210df0 elementor-widget elementor-widget-heading\" data-id=\"a210df0\" data-element_type=\"widget\" data-e-type=\"widget\" data-widget_type=\"heading.default\">\n\t\t\t\t<div class=\"elementor-widget-container\">\n\t\t\t\t\t<h1 class=\"elementor-heading-title elementor-size-default\">Pol\u00edtica de privacidad<\/h1>\t\t\t\t<\/div>\n\t\t\t\t<\/div>\n\t\t\t\t<div class=\"elementor-element elementor-element-c0d65f9 elementor-widget elementor-widget-text-editor\" data-id=\"c0d65f9\" data-element_type=\"widget\" data-e-type=\"widget\" data-widget_type=\"text-editor.default\">\n\t\t\t\t<div class=\"elementor-widget-container\">\n\t\t\t\t\t\t\t\t\t<p data-start=\"0\" data-end=\"576\">Naiara Alvaro Abogada ha adecuado esta web a las exigencias de la Ley Org\u00e1nica 3\/2018, de 5 de diciembre, de Protecci\u00f3n de Datos Personales y garant\u00eda de los derechos digitales y al Real Decreto 1720\/2007, de 21 de diciembre, conocido como el Reglamento de desarrollo de la LOPD. Cumple tambi\u00e9n con el Reglamento (UE) 2016\/679 del Parlamento Europeo y del Consejo de 27 de abril de 2016 relativo a la protecci\u00f3n de las personas f\u00edsicas (RGPD), as\u00ed como con la Ley 34\/2002, de 11 de julio, de Servicios de la Sociedad de la Informaci\u00f3n y Comercio Electr\u00f3nico (LSSICE o LSSI).<\/p><h2 data-section-id=\"yxs4xe\" data-start=\"578\" data-end=\"632\">Responsable del tratamiento de tus datos personales<\/h2><p data-start=\"634\" data-end=\"901\">Identidad del Responsable: Naiara Alvaro<br data-start=\"674\" data-end=\"677\" \/>Nombre comercial: Naiara Alvaro Abogada<br data-start=\"716\" data-end=\"719\" \/>NIF\/CIF: 72598606A<br data-start=\"737\" data-end=\"740\" \/>Direcci\u00f3n: San Juan Kalea, 3, 1, 20600 Eibar, Gipuzkoa<br data-start=\"794\" data-end=\"797\" \/>Correo electr\u00f3nico: <a class=\"decorated-link cursor-pointer\" rel=\"noopener\" data-start=\"817\" data-end=\"840\">nalvaro.legal@gmail.com<\/a> \/ <a class=\"decorated-link cursor-pointer\" rel=\"noopener\" data-start=\"843\" data-end=\"866\">naiara.alvaro@icagi.net<\/a><br data-start=\"866\" data-end=\"869\" \/>Actividad: servicios jur\u00eddicos<\/p><p data-start=\"903\" data-end=\"1301\">A efectos de lo previsto en el Reglamento General de Protecci\u00f3n de Datos antes citado, los datos personales que nos env\u00edes a trav\u00e9s de los formularios de la web, recibir\u00e1n el tratamiento de datos de \u201cUsuarios de la web y suscriptores\u201d. Para el tratamiento de datos de nuestros usuarios, implementamos todas las medidas t\u00e9cnicas y organizativas de seguridad establecidas en la legislaci\u00f3n vigente.<\/p><h2 data-section-id=\"1ctgoap\" data-start=\"1303\" data-end=\"1358\">Principios que aplicaremos a tu informaci\u00f3n personal<\/h2><p data-start=\"1360\" data-end=\"1527\">En el tratamiento de tus datos personales, aplicaremos los siguientes principios que se ajustan a las exigencias del nuevo reglamento europeo de protecci\u00f3n de datos:<\/p><ul data-start=\"1529\" data-end=\"2667\"><li data-section-id=\"1qgj0hi\" data-start=\"1529\" data-end=\"1762\">Principio de licitud, lealtad y transparencia: Siempre vamos a requerir tu consentimiento para el tratamiento de tus datos personales para uno o varios fines espec\u00edficos que te informaremos previamente con absoluta transparencia.<\/li><li data-section-id=\"i17p4b\" data-start=\"1763\" data-end=\"1933\">Principio de minimizaci\u00f3n de datos: Solo vamos a solicitar datos estrictamente necesarios en relaci\u00f3n con los fines para los que los requerimos. Los m\u00ednimos posibles.<\/li><li data-section-id=\"ic2a10\" data-start=\"1934\" data-end=\"2317\">Principio de limitaci\u00f3n del plazo de conservaci\u00f3n: los datos ser\u00e1n mantenidos durante no m\u00e1s tiempo del necesario para los fines del tratamiento, en funci\u00f3n a la finalidad, te informaremos del plazo de conservaci\u00f3n correspondiente, en el caso de suscripciones, peri\u00f3dicamente revisaremos nuestras listas y eliminaremos aquellos registros inactivos durante un tiempo considerable.<\/li><li data-section-id=\"dzegwa\" data-start=\"2318\" data-end=\"2667\">Principio de integridad y confidencialidad: Tus datos ser\u00e1n tratados de tal manera que se garantice una seguridad adecuada de los datos personales y se garantice confidencialidad. Debes saber que tomamos todas las precauciones necesarias para evitar el acceso no autorizado o uso indebido de los datos de nuestros usuarios por parte de terceros.<\/li><\/ul><h2 data-section-id=\"1n00dia\" data-start=\"2669\" data-end=\"2709\">\u00bfC\u00f3mo obtenemos los datos personales?<\/h2><p data-start=\"2711\" data-end=\"2785\">Los datos personales que tratamos en naiaraalvaroabogada.es proceden de:<\/p><ul data-start=\"2787\" data-end=\"2867\"><li data-section-id=\"i97p24\" data-start=\"2787\" data-end=\"2813\">Formulario de contacto<\/li><li data-section-id=\"9lfzqx\" data-start=\"2814\" data-end=\"2843\">Formulario de suscripci\u00f3n<\/li><li data-section-id=\"1qo8pbx\" data-start=\"2844\" data-end=\"2867\">Comentarios en blog<\/li><\/ul><h2 data-section-id=\"1bzi53s\" data-start=\"2869\" data-end=\"2928\">\u00bfCu\u00e1les son tus derechos cuando nos facilitas tus datos?<\/h2><p data-start=\"2930\" data-end=\"3080\">Cualquier persona tiene derecho a obtener confirmaci\u00f3n sobre si en naiaraalvaroabogada.es estamos tratando datos personales que le conciernen, o no.<\/p><p data-start=\"3082\" data-end=\"3126\">Las personas interesadas tienen derecho a:<\/p><ul data-start=\"3128\" data-end=\"3358\"><li data-section-id=\"17gpd3b\" data-start=\"3128\" data-end=\"3198\">Solicitar el acceso a los datos personales relativos al interesado<\/li><li data-section-id=\"hlg1ds\" data-start=\"3199\" data-end=\"3241\">Solicitar su rectificaci\u00f3n o supresi\u00f3n<\/li><li data-section-id=\"zl9vsj\" data-start=\"3242\" data-end=\"3287\">Solicitar la limitaci\u00f3n de su tratamiento<\/li><li data-section-id=\"z2v4ho\" data-start=\"3288\" data-end=\"3315\">Oponerse al tratamiento<\/li><li data-section-id=\"1hi8m3e\" data-start=\"3316\" data-end=\"3358\">Solicitar la portabilidad de los datos<\/li><\/ul><p data-start=\"3360\" data-end=\"3810\">Los interesados podr\u00e1n acceder a sus datos personales, as\u00ed como a solicitar la rectificaci\u00f3n de los datos inexactos o, en su caso, solicitar su supresi\u00f3n cuando, entre otros motivos, los datos ya no sean necesarios para los fines que fueron recogidos. En determinadas circunstancias, los interesados podr\u00e1n solicitar la limitaci\u00f3n del tratamiento de sus datos, en cuyo caso \u00fanicamente los conservar\u00e9 para el ejercicio o la defensa de reclamaciones.<\/p><p data-start=\"3812\" data-end=\"4335\">En determinadas circunstancias y por motivos relacionados con su situaci\u00f3n particular, los interesados podr\u00e1n oponerse al tratamiento de sus datos. Naiara Alvaro Abogada dejar\u00e1 de tratar los datos, salvo por motivos leg\u00edtimos imperiosos, o el ejercicio o la defensa de posibles reclamaciones. Como interesado, tienes derecho a recibir los datos personales que te incumban, que nos hayas facilitado y en un formato estructurado, de uso com\u00fan y lectura mec\u00e1nica, y a transmitirlos a otro responsable del tratamiento cuando:<\/p><ul data-start=\"4337\" data-end=\"4508\"><li data-section-id=\"11c54av\" data-start=\"4337\" data-end=\"4388\">El tratamiento est\u00e9 basado en el consentimiento<\/li><li data-section-id=\"mrit3m\" data-start=\"4389\" data-end=\"4452\">Los datos hayan sido facilitados por la persona interesada.<\/li><li data-section-id=\"kbk3tk\" data-start=\"4453\" data-end=\"4508\">El tratamiento se efect\u00fae por medios automatizados.<\/li><\/ul><p data-start=\"4510\" data-end=\"4697\">Al ejercer tu derecho a la portabilidad de los datos, tendr\u00e1s derecho a que los datos personales se transmitan directamente de responsable a responsable cuando sea t\u00e9cnicamente posible.<\/p><p data-start=\"4699\" data-end=\"4983\">Los interesados tambi\u00e9n tendr\u00e1n derecho a la tutela judicial efectiva y a presentar una reclamaci\u00f3n ante la autoridad de control, en este caso, la Agencia Espa\u00f1ola de Protecci\u00f3n de Datos, si consideran que el tratamiento de datos personales que le conciernen infringe el Reglamento.<\/p><h2 data-section-id=\"1s1kbdo\" data-start=\"4985\" data-end=\"5037\">\u00bfCon qu\u00e9 finalidad tratamos tus datos personales?<\/h2><p data-start=\"5039\" data-end=\"5724\">Cuando un usuario se conecta con esta web por ejemplo para comentar un post, mandar un correo al titular, suscribirse o realizar alguna contrataci\u00f3n, est\u00e1 facilitando informaci\u00f3n de car\u00e1cter personal de la que es responsable Naiara Alvaro Abogada. Esa informaci\u00f3n puede incluir datos de car\u00e1cter personal como pueden ser tu direcci\u00f3n IP, nombre, direcci\u00f3n f\u00edsica, direcci\u00f3n de correo electr\u00f3nico, n\u00famero de tel\u00e9fono, y otra informaci\u00f3n. Al facilitar esta informaci\u00f3n, el usuario da su consentimiento para que su informaci\u00f3n sea recopilada, utilizada, gestionada y almacenada por naiaraalvaroabogada.es, s\u00f3lo como se describe en el Aviso Legal y en la presente Pol\u00edtica de Privacidad.<\/p><p data-start=\"5726\" data-end=\"5946\">En naiaraalvaroabogada.es existen diferentes sistemas de captura de informaci\u00f3n personal y trato la informaci\u00f3n que nos facilitan las personas interesadas con el siguiente fin por cada sistema de captura (formularios):<\/p><h3 data-section-id=\"1cy58mq\" data-start=\"5948\" data-end=\"5974\">Formulario de contacto<\/h3><p data-start=\"5976\" data-end=\"6580\">Solicitamos los siguientes datos personales: Nombre, Email, para responder a los requerimientos de los usuarios de naiaraalvaroabogada.es. Por ejemplo, podemos utilizar esos datos para responder a tu solicitud y dar respuesta a las dudas, quejas, comentarios o inquietudes que puedas tener relativas a la informaci\u00f3n incluida en la web, los servicios que se prestan a trav\u00e9s de la web, el tratamiento de sus datos personales, cuestiones referentes a los textos legales incluidos en la web, as\u00ed como cualesquiera otras consultas que puedas tener y que no est\u00e9n sujetas a las condiciones de contrataci\u00f3n.<\/p><p data-start=\"6582\" data-end=\"6730\">Te informo que los datos que nos facilitas estar\u00e1n ubicados en los servidores de Dinahosting (proveedor de Naiara Alvaro Abogada) dentro de la UE.<\/p><h3 data-section-id=\"117vz5m\" data-start=\"6732\" data-end=\"6774\">Formulario de suscripci\u00f3n a contenidos<\/h3><p data-start=\"6776\" data-end=\"7146\">En este caso, solicitamos los siguientes datos personales: Nombre, Email, para gestionar la lista de suscripciones, enviar boletines, promociones y ofertas especiales, facilitados por el usuario al realizar la suscripci\u00f3n. Dentro de la web existen varios formularios para activar la suscripci\u00f3n. Los boletines electr\u00f3nicos o newsletter est\u00e1n gestionados por Mailrelay.<\/p><p data-start=\"7148\" data-end=\"7357\">Te informo que los datos que nos facilitas estar\u00e1n ubicados en los servidores de Mailrelay (proveedor de Naiara Alvaro Abogada) fuera de la UE en EEUU. Mailrelay est\u00e1 acogido al acuerdo EU-US Privacy Shield.<\/p><h3 data-section-id=\"1ya6owk\" data-start=\"7359\" data-end=\"7407\">Formulario de alta para comentarios del blog<\/h3><p data-start=\"7409\" data-end=\"7745\">Para comentar las publicaciones del blog naiaraalvaroabogada.es se requiere que el usuario se d\u00e9 de alta a trav\u00e9s de este formulario. En este caso, solicitamos los siguientes datos personales: Nombre, Email, Sitio web. Una vez dado de alta, el usuario podr\u00e1 realizar tantos comentarios como desee y dar respuesta sobre los anteriores.<\/p><p data-start=\"7747\" data-end=\"7895\">Te informo que los datos que nos facilitas estar\u00e1n ubicados en los servidores de DinaHosting (proveedor de Naiara Alvaro Abogada) dentro de la UE.<\/p><h2 data-section-id=\"16z3v1j\" data-start=\"7897\" data-end=\"7933\">Otras finalidades del tratamiento<\/h2><p data-start=\"7935\" data-end=\"8004\">Existen otras finalidades por la que tratamos tus datos personales:<\/p><ul data-start=\"8006\" data-end=\"8360\"><li data-section-id=\"14jn1ac\" data-start=\"8006\" data-end=\"8087\">Para garantizar el cumplimiento de las condiciones de uso y la ley aplicable.<\/li><li data-section-id=\"1a6trzm\" data-start=\"8088\" data-end=\"8148\">Para apoyar y mejorar los servicios que ofrece esta web.<\/li><li data-section-id=\"1h9n66t\" data-start=\"8149\" data-end=\"8257\">Tambi\u00e9n se recogen otros datos no identificativos mediante cookies detalladas en la pol\u00edtica de cookies.<\/li><li data-section-id=\"1o4is9k\" data-start=\"8258\" data-end=\"8360\">Para gestionar las redes sociales. naiaraalvaroabogada.es puede tener presencia en redes sociales.<\/li><\/ul><p data-start=\"8362\" data-end=\"8647\">De acuerdo a lo establecido en el reglamento general de protecci\u00f3n de datos europeo (RGPD) 2016\/679, Naiara Alvaro Abogada con domicilio en San Juan Kalea, 3, 1, 20600 Eibar, Gipuzkoa ser\u00e1 responsable del tratamiento de los datos correspondientes a Usuarios de la web y suscriptores.<\/p><p data-start=\"8649\" data-end=\"8826\">Naiara Alvaro Abogada no vende, alquila ni cede datos de car\u00e1cter personal que puedan identificar al usuario, ni lo har\u00e1 en el futuro, a terceros sin el consentimiento previo.<\/p><h2 data-section-id=\"1x1mpme\" data-start=\"8828\" data-end=\"8842\">Remarketing<\/h2><p data-start=\"8844\" data-end=\"9130\">La funci\u00f3n de remarketing nos permite llegar a las personas que hayan visitado naiaraalvaroabogada.es anteriormente y asociar una audiencia determinada a un mensaje concreto. El remarketing es un m\u00e9todo para conseguir que los usuarios que han visitado nuestro sitio vuelvan a hacerlo.<\/p><p data-start=\"9132\" data-end=\"9300\">Como usuario de naiaraalvaroabogada.es te informo que estamos recopilando o podremos recopilar informaci\u00f3n para esta funci\u00f3n de remarketing en naiaraalvaroabogada.es.<\/p><p data-start=\"9302\" data-end=\"9430\">La informaci\u00f3n que recopilamos gracias a esta funci\u00f3n es recogida por las cookies de Facebook y las cookies de Google Adwords.<\/p><h2 data-section-id=\"45f3nf\" data-start=\"9432\" data-end=\"9447\">Facebook Ads<\/h2><p data-start=\"9449\" data-end=\"9643\">En naiaraalvaroabogada.es utilizamos Facebook Ads, la plataforma de publicidad de Facebook, que nos permite crear campa\u00f1as y anuncios. Al generar un anuncio, se puede segmentar el p\u00fablico por:<\/p><ul data-start=\"9645\" data-end=\"9792\"><li data-section-id=\"153cwbp\" data-start=\"9645\" data-end=\"9654\">Lugar<\/li><li data-section-id=\"1axsfju\" data-start=\"9655\" data-end=\"9696\">Datos demogr\u00e1ficos (edad, sexo, etc.)<\/li><li data-section-id=\"1mqkp79\" data-start=\"9697\" data-end=\"9741\">Intereses (actividades, aficiones, etc.)<\/li><li data-section-id=\"1ynfw00\" data-start=\"9742\" data-end=\"9792\">Lo que compran en internet y por otros canales<\/li><\/ul><p data-start=\"9794\" data-end=\"10004\">Los datos obtenidos a trav\u00e9s de Facebook Ads est\u00e1n sujetos a esta pol\u00edtica de privacidad desde el momento en que el usuario deja sus datos en el formulario de esta web para unirse al bolet\u00edn de suscripciones.<\/p><h2 data-section-id=\"5tse50\" data-start=\"10006\" data-end=\"10023\">Google Adwords<\/h2><p data-start=\"10025\" data-end=\"10365\">En naiaraalvaroabogada.es utilizamos Google Adwords, la plataforma de publicidad de Adwords, que nos permite crear campa\u00f1as y anuncios. Los datos obtenidos a trav\u00e9s de Google est\u00e1n sujetos a esta pol\u00edtica de privacidad desde el momento en que el usuario deja sus datos en el formulario de esta web para unirse al bolet\u00edn de suscripciones.<\/p><h2 data-section-id=\"1vjqafr\" data-start=\"10367\" data-end=\"10415\">Legitimaci\u00f3n para el tratamiento de tus datos<\/h2><p data-start=\"10417\" data-end=\"10488\">La base legal para el tratamiento de sus datos es: el consentimiento.<\/p><p data-start=\"10490\" data-end=\"10604\">Para contactar o realizar comentarios en esta web se requiere el consentimiento con esta pol\u00edtica de privacidad.<\/p><p data-start=\"10606\" data-end=\"10719\">La oferta prospectiva o comercial de productos y servicios est\u00e1 basada en el consentimiento que se le solicita.<\/p><h2 data-section-id=\"9166wc\" data-start=\"10721\" data-end=\"10742\">Categor\u00eda de datos<\/h2><p data-start=\"10744\" data-end=\"10869\">Las categor\u00edas de datos que se tratan son datos identificativos. No se tratan categor\u00edas de datos especialmente protegidos.<\/p><h2 data-section-id=\"v8v3oo\" data-start=\"10871\" data-end=\"10917\">\u00bfPor cu\u00e1nto tiempo conservaremos tus datos?<\/h2><p data-start=\"10919\" data-end=\"10972\">Los datos personales proporcionados se conservar\u00e1n:<\/p><ul data-start=\"10974\" data-end=\"11148\"><li data-section-id=\"c4so53\" data-start=\"10974\" data-end=\"11021\">Mientras se mantenga la relaci\u00f3n mercantil.<\/li><li data-section-id=\"162y8zl\" data-start=\"11022\" data-end=\"11082\">Hasta que no se solicite su supresi\u00f3n por el interesado.<\/li><li data-section-id=\"zy3fd1\" data-start=\"11083\" data-end=\"11148\">Periodo a partir de la \u00faltima confirmaci\u00f3n de inter\u00e9s: 1 a\u00f1o.<\/li><\/ul><h2 data-section-id=\"1932lsu\" data-start=\"11150\" data-end=\"11199\">\u00bfA qu\u00e9 destinatarios se comunicar\u00e1n tus datos?<\/h2><p data-start=\"11201\" data-end=\"11498\">Muchas herramientas que utilizamos para gestionar tus datos son contratadas por terceros. Para prestar servicios estrictamente necesarios para el desarrollo de la actividad, naiaraalvaroabogada.es comparte datos con los siguientes prestadores bajo sus correspondientes condiciones de privacidad:<\/p><ul data-start=\"11500\" data-end=\"11671\"><li data-section-id=\"1dbqvl1\" data-start=\"11500\" data-end=\"11566\">Google Analytics: servicio anal\u00edtico prestado por Google, Inc.<\/li><li data-section-id=\"liuw83\" data-start=\"11567\" data-end=\"11617\">Hosting: DinaHosting, con domicilio en Espa\u00f1a.<\/li><li data-section-id=\"2mkats\" data-start=\"11618\" data-end=\"11671\">Plataforma web: WordPress, con domicilio en EEUU.<\/li><\/ul><h2 data-section-id=\"mvp65k\" data-start=\"11673\" data-end=\"11686\">Navegaci\u00f3n<\/h2><p data-start=\"11688\" data-end=\"11862\">Al navegar por naiaraalvaroabogada.es se pueden recoger datos no identificables, que pueden incluir direcciones IP, ubicaci\u00f3n geogr\u00e1fica aproximada y h\u00e1bitos de navegaci\u00f3n.<\/p><p data-start=\"11864\" data-end=\"11932\">Esta web utiliza los siguientes servicios de an\u00e1lisis de terceros:<\/p><ul data-start=\"11934\" data-end=\"11976\"><li data-section-id=\"1li1d1z\" data-start=\"11934\" data-end=\"11954\">Google Analytics<\/li><li data-section-id=\"17g6d9x\" data-start=\"11955\" data-end=\"11976\">Facebook Insights<\/li><\/ul><h2 data-section-id=\"1xcbmfb\" data-start=\"11978\" data-end=\"12013\">Secreto y seguridad de los datos<\/h2><p data-start=\"12015\" data-end=\"12204\">naiaraalvaroabogada.es se compromete en el uso y tratamiento de los datos personales de los usuarios, respetando su confidencialidad y utiliz\u00e1ndolos de acuerdo con la finalidad del mismo.<\/p><p data-start=\"12206\" data-end=\"12340\">Esta web incluye un certificado SSL. Se trata de un protocolo de seguridad que hace que tus datos viajen de manera \u00edntegra y segura.<\/p><p data-start=\"12342\" data-end=\"12524\">Naiara Alvaro Abogada no puede garantizar la absoluta inexpugnabilidad de la red Internet y por tanto la violaci\u00f3n de los datos mediante accesos fraudulentos por parte de terceros.<\/p><h2 data-section-id=\"17y88h8\" data-start=\"12526\" data-end=\"12563\">Exactitud y veracidad de los datos<\/h2><p data-start=\"12565\" data-end=\"12762\">Como usuario, eres el \u00fanico responsable de la veracidad y correcci\u00f3n de los datos que remitas a naiaraalvaroabogada.es exonerando a Naiara Alvaro Abogada de cualquier responsabilidad al respecto.<\/p><h2 data-section-id=\"sez3a2\" data-start=\"12764\" data-end=\"12794\">Aceptaci\u00f3n y consentimiento<\/h2><p data-start=\"12796\" data-end=\"13070\">El usuario declara haber sido informado de las condiciones sobre protecci\u00f3n de datos de car\u00e1cter personal, aceptando y consintiendo el tratamiento de los mismos por parte de Naiara Alvaro Abogada en la forma y para las finalidades indicadas en esta pol\u00edtica de privacidad.<\/p><h2 data-section-id=\"1r8schy\" data-start=\"13072\" data-end=\"13088\">Revocabilidad<\/h2><p data-start=\"13090\" data-end=\"13276\">El consentimiento prestado es revocable en cualquier momento comunic\u00e1ndose a Naiara Alvaro Abogada en los t\u00e9rminos establecidos en esta Pol\u00edtica para el ejercicio de los derechos ARCO.<\/p><h2 data-section-id=\"1s9y558\" data-start=\"13278\" data-end=\"13317\">Cambios en la pol\u00edtica de privacidad<\/h2><p data-start=\"13319\" data-end=\"13496\">Naiara Alvaro Abogada se reserva el derecho a modificar la presente pol\u00edtica para adaptarla a novedades legislativas o jurisprudenciales, as\u00ed como a pr\u00e1cticas de la industria.<\/p><h2 data-section-id=\"2gluyf\" data-start=\"13498\" data-end=\"13520\">Correos comerciales<\/h2><p data-start=\"13522\" data-end=\"13734\">De acuerdo con la LSSICE, naiaraalvaroabogada.es no realiza pr\u00e1cticas de SPAM, por lo que no env\u00eda correos comerciales por v\u00eda electr\u00f3nica que no hayan sido previamente solicitados o autorizados por el usuario.<\/p><p data-start=\"13736\" data-end=\"13970\">Conforme a lo dispuesto en la Ley 34\/2002 de Servicios de la Sociedad de la Informaci\u00f3n y de comercio electr\u00f3nico, naiaraalvaroabogada.es se compromete a no enviar comunicaciones de car\u00e1cter comercial sin identificarlas debidamente.<\/p><p data-start=\"13972\" data-end=\"14007\">Documento revisado el 01\/05\/2026.<\/p><p data-start=\"14009\" data-end=\"14134\" data-is-last-node=\"\" data-is-only-node=\"\">De parte del equipo que formamos Naiara Alvaro Abogada te agradecemos el tiempo dedicado en leer esta pol\u00edtica de privacidad.<\/p>\t\t\t\t\t\t\t\t<\/div>\n\t\t\t\t<\/div>\n\t\t\t\t\t<\/div>\n\t\t\t\t<\/div>\n\t\t\t\t<\/div>\n\t\t","protected":false},"excerpt":{"rendered":"<p>Naiara Alvaro Abogada ha adecuado esta web a las exigencias de la Ley Org\u00e1nica 3\/2018, de 5 de diciembre, de Protecci\u00f3n de Datos Personales y garant\u00eda de los derechos digitales y al Real Decreto 1720\/2007, de 21 de diciembre, conocido como el Reglamento de desarrollo de la LOPD. Cumple tambi\u00e9n con el Reglamento (UE) 2016\/679 [&hellip;]<\/p>\n","protected":false},"author":1,"featured_media":0,"parent":0,"menu_order":0,"comment_status":"closed","ping_status":"closed","template":"elementor_header_footer","meta":{"footnotes":""},"class_list":["post-26","page","type-page","status-publish","hentry"],"_links":{"self":[{"href":"https:\/\/naiaraalvaroabogada.es\/abogado-familia\/wp-json\/wp\/v2\/pages\/26","targetHints":{"allow":["GET"]}}],"collection":[{"href":"https:\/\/naiaraalvaroabogada.es\/abogado-familia\/wp-json\/wp\/v2\/pages"}],"about":[{"href":"https:\/\/naiaraalvaroabogada.es\/abogado-familia\/wp-json\/wp\/v2\/types\/page"}],"author":[{"embeddable":true,"href":"https:\/\/naiaraalvaroabogada.es\/abogado-familia\/wp-json\/wp\/v2\/users\/1"}],"replies":[{"embeddable":true,"href":"https:\/\/naiaraalvaroabogada.es\/abogado-familia\/wp-json\/wp\/v2\/comments?post=26"}],"version-history":[{"count":7,"href":"https:\/\/naiaraalvaroabogada.es\/abogado-familia\/wp-json\/wp\/v2\/pages\/26\/revisions"}],"predecessor-version":[{"id":1216,"href":"https:\/\/naiaraalvaroabogada.es\/abogado-familia\/wp-json\/wp\/v2\/pages\/26\/revisions\/1216"}],"wp:attachment":[{"href":"https:\/\/naiaraalvaroabogada.es\/abogado-familia\/wp-json\/wp\/v2\/media?parent=26"}],"curies":[{"name":"wp","href":"https:\/\/api.w.org\/{rel}","templated":true}]}}